- z = -26*p. Suppose -p*k + k - 34 = -s, -65 = -2*s + 5*k. What is the units digit of s?
5
What is the hundreds digit of (11595/2)/(1355/4878)?
8
Let v(f) = 13*f**2 - 17*f + 247. What is the hundreds digit of v(20)?
1
Suppose -162*h + 132*h + 39510 = 0. What is the thousands digit of h?
1
Suppose -500625 = -89*a + 1067232 + 104275. What is the hundreds digit of a?
7
Let h = 8838 - 4613. What is the hundreds digit of h?
2
Suppose -188 = -k + 2*w, 5*w + 940 = 5*k - 0*k. Let b = k + -310. Let f = b - -212. What is the units digit of f?
0
What is the hundreds digit of (22075/(-10))/(-8 - (-105)/14)?
4
Let g = -17257 - -19063. What is the units digit of g?
6
Suppose 2*v + 60 = 60. Suppose v*c - 12 = -2*c. What is the units digit of c?
6
Let x(v) be the first derivative of 22*v**3/3 - 7*v**2 - 65. What is the units digit of x(-2)?
6
Let t be -1 - 2*3*5/6. Let h be -3*t/(36/10). Suppose 3*a = -5*y + 28, -2*y + h*a - 4*a = -9. What is the units digit of y?
5
Suppose -2*y = -5*b + 34563 - 3124, y = 3*b - 18865. What is the units digit of b?
1
Suppose 2*b - 29033 = -3*x + 118353, -2*x = -4*b - 98252. Suppose 6*f - x = -17*f. What is the tens digit of f?
3
Let i be -8 - (-1)/1*1. Suppose z = -4*s + 41, 5*s - 46 = 7*z - 3*z. Let g = s - i. What is the units digit of g?
7
Suppose -4*p + 16 = 0, p + 483 = -4*q - 705. Let h = 684 + q. What is the hundreds digit of h?
3
Let y(p) = -p**3 + 9*p**2 + 7*p - 4. Suppose 0 = 2*n - 3*n + 9. Let z be y(n). Suppose 0 = -3*a + z + 88. What is the tens digit of a?
4
Let k be (136/(-5))/((-8)/560). Suppose -16*a - k = -20*a. Suppose 4*h + 3*f = -0*h + 484, -4*h - f + a = 0. What is the units digit of h?
8
Let x(j) = -3*j**2 + 104*j + 37. Let i be x(35). Let y(z) = 30*z**2 + 30*z. What is the hundreds digit of y(i)?
1
Let o = -793 + 6257. What is the tens digit of o?
6
Suppose 12*d = 19*d - 8435. Let f = 1703 - d. What is the tens digit of f?
9
Let j(m) = 46*m**3 - 7*m**2 + 5*m - 3. Let f be j(3). Suppose -4*d = -1233 - f. What is the tens digit of d?
0
What is the tens digit of (280 - -12)*(195/10 - 5)?
3
Let h(f) = -f**3 + 30*f**2 + 4*f - 118. Let m be h(30). Suppose 3*o - 751 = -2*s, -331 = -m*o - 3*s + 163. What is the hundreds digit of o?
2
Let g = 10490 - -998. What is the thousands digit of g?
1
Suppose -j + 3 = 0, -2 = -3*k + 4*j - 14. Let h be (-5 + 5 + k)/(-2). Let a(n) = -n**2 + n + 24. What is the tens digit of a(h)?
2
Suppose -18*z + 17*z = -2*w - 2506, -3*z - 2498 = 2*w. Let r = -362 - w. What is the hundreds digit of r?
8
Let p(u) = -3*u + 15 + 3*u - u + 0*u. Suppose 2*l + 3*h + 16 = -1, 0 = -4*l + h - 27. What is the units digit of p(l)?
2
Let u = 37043 - -2087. What is the tens digit of u?
3
Suppose 2*s = m - 403, 9*m + 1989 = 14*m + 3*s. Suppose -2*t = -17 - m. What is the units digit of t?
8
Let s = -18721 + 20085. What is the units digit of s?
4
Let s = -2377 + 3537. Suppose 13*m = 11*m + s. What is the tens digit of m?
8
What is the tens digit of 12/(-20)*(-636680)/132?
9
Suppose -22*y + 2319 = -19*y. Suppose 5237 = 16*h + y. What is the hundreds digit of h?
2
Suppose 5*g - 2*j = 3*j + 28855, 5*g - 2*j = 28855. What is the thousands digit of g?
5
Let l be (-2)/(-8) - (-30)/8. Suppose -1048 = -l*c + 124. Suppose -44 - 51 = -f - 4*n, 3*f + 4*n = c. What is the units digit of f?
9
Let i be 1197/42*2/(-6)*2. Let l = i - -102. What is the units digit of l?
3
Let c(s) = -s**3 + 3*s**2 - s + 4. Let j be c(0). Suppose j*b - 1326 = 230. What is the units digit of b?
9
Suppose -22*j + 2372 + 10762 = 0. What is the tens digit of j?
9
Let g = -105048 + 153619. What is the hundreds digit of g?
5
Suppose 17*x - 19*x + 211 = y, x = y + 104. Let a = x - 66. What is the tens digit of a?
3
Suppose -349*t + 347*t + 34436 = 3*i, 2*i = -2*t + 34430. What is the thousands digit of t?
7
Suppose 2510*d = 2521*d - 17083. What is the thousands digit of d?
1
Let f = -77 - -5334. What is the thousands digit of f?
5
Suppose -57*h - 5*f = -62*h + 107755, -5*h - 3*f = -107803. What is the hundreds digit of h?
5
Let o = 22 - 67. Let v = -47 - o. What is the tens digit of (176/(-24))/(v/3)?
1
Let j(q) = -q**3 - 5*q**2 + 6*q - 1. Let x be j(-6). Let s be -20 - (x - -2)*-4. What is the hundreds digit of (-2 - 12/s)*-104?
1
Let x(s) be the first derivative of s**4/2 - 7*s**3/3 + 3*s**2/2 + 12*s + 16. Let o be x(5). Suppose -2*h = o - 176. What is the units digit of h?
7
Suppose -3*t + 87 = 162. What is the units digit of 5*((-1280)/t + 1) + 0?
1
Let g = -1 - 62. Let y be (-2)/7 - 0 - 43236/g. Suppose -9*p + y = 92. What is the units digit of p?
6
Let x = -187 + 203. Suppose -11*j = -x*j + 805. What is the hundreds digit of j?
1
Let n be (-102)/(-14) - (19/(-7) - -3). Let d be (-8)/(-8) - (n + 0). What is the tens digit of d/(-4)*(-3 + (-500)/(-12))?
5
Suppose 5*j + 3799 = 15*b - 14*b, -5*b = j - 19021. What is the tens digit of b?
0
Suppose -4*y + 16971 - 6755 = 0. What is the hundreds digit of (6 - 4)/(1 + (-2550)/y)?
2
Suppose 0 = 13*q - 14*q - 3*v - 3, 5*v + 7 = -q. What is the hundreds digit of 812 - ((-1)/q)/(8/96)?
8
Let o = 112 - 112. Suppose o = -2*k - s + 574, 5*k - 553 = -5*s + 877. What is the units digit of k?
8
What is the hundreds digit of 5659 + 0 - (48 + 222/(-6))?
6
Suppose 4*h - 3*r = -32, -3*h - r - 31 = -5*r. Let w be 0/(-3 - h) + 79. Let y = w + -39. What is the units digit of y?
0
What is the tens digit of -22 - 2556/(-117) - (-403056)/26?
0
Let g(x) = x**3 - 16*x**2 + 15*x + 2. Let i be g(15). Suppose 0 = j + j - i. What is the tens digit of (-1122)/(-12) + j/(-2) + 0?
9
Let g(s) = s**2 + 56*s + 277. What is the thousands digit of g(31)?
2
Let a(t) = -t**3 + 8*t**2 - 11*t + 7. Let z be (14 - 15)/(1 + 7/(-8)). What is the tens digit of a(z)?
1
Let c = 95 - 84. Suppose -c*r + 12*r = 3*q + 128, -2*r + 2*q = -268. What is the tens digit of r?
3
Let k be -2*(4 - 2) + 3. Let x(g) = -558*g - 30. What is the hundreds digit of x(k)?
5
What is the hundreds digit of -6 + 0 + 44665 + -23?
6
Let w(u) = 8806*u + 276. What is the thousands digit of w(1)?
9
Let b = 334 - 334. Suppose 4*a - 9*a = -10, -3*g + 3*a + 1929 = b. What is the hundreds digit of g?
6
Suppose 4*h + 5*h - 64008 = 3*h. What is the thousands digit of h?
0
What is the units digit of (-2320)/(-520) - (-12)/(-26) - -44239?
3
Let m = -1911 + 12704. What is the tens digit of m?
9
Suppose 4*r + 2624 = 2*g - 208, -4244 = -3*g + 5*r. Suppose -4*a + 4*p + g = 0, -3*p - 823 - 945 = -5*a. What is the tens digit of a?
5
Let z(j) be the second derivative of 0 + 25/12*j**4 - 7*j - 7/2*j**2 - 3/2*j**3. What is the units digit of z(-3)?
5
Suppose -25871 = -5*g + y, 7*g - 3*g + 4*y - 20692 = 0. What is the units digit of g?
4
Let n = -173 - -351. Suppose -k = -1, 2*v + 3*k - 713 + n = 0. What is the tens digit of v?
6
Suppose -2*m = -3*z + 7*z + 166, -344 = 4*m - 4*z. Let x(t) = 8*t. Let u be x(-6). Let v = u - m. What is the tens digit of v?
3
Let h be 6/(-28)*118 + (-18)/(-63). Let n = 139 + h. Suppose 0 = 8*t + n - 858. What is the units digit of t?
3
Let o(d) = -2*d**3 - 13*d**2 + 7*d - 11. What is the units digit of o(-20)?
9
Let n = 325 - 318. Suppose -n*y + 9*y = -k + 391, 4*k + 958 = 5*y. What is the tens digit of y?
9
Let y(l) = -l**2 + 51. Let p be y(-7). Let g(a) = 10*a + 31. Let m(d) = 21*d + 63. Let b(t) = p*m(t) - 5*g(t). What is the tens digit of b(-19)?
2
Let l(m) = 808*m**3 - m. Let z(o) = 3*o**2 + 25*o + 9. Let t be z(-8). What is the tens digit of l(t)?
0
Suppose -3*f + 7*f = -5*w + 75, -5*w + 25 = 2*f. Let a(h) = 10*h + 96. What is the hundreds digit of a(f)?
3
Let p = 132459 - 90135. What is the tens digit of p?
2
Let c(r) = -481*r - 644. What is the units digit of c(-4)?
0
Suppose 6*l + 1622 = 8*l. Let z = l - -197. What is the thousands digit of z?
1
Suppose 4*v - 5*w + 477 = 0, 213 - 7 = -2*v - 4*w. Let m = v - -216. Suppose 105*c = m*c + 218. What is the hundreds digit of c?
1
Let g = 162 + -156. Suppose 0 = g*v + 7*v - 4134. What is the hundreds digit of v?
3
Let p(r) = 4*r**2 + 26*r - 26. Let t be p(-13). Suppose 0 = t*v - 306*v - 3882. What is the tens digit of v?
4
What is the units digit of (18468/(-1197))/((-1)/497)?
8
Suppose -2*m = -19530 - 30292. What is the ten thousands digit of m?
2
Let i = 33 - 30. Suppose -3*p + f = -138 - 330, i*f - 